r?
True
Is 63813741 prime?
False
Is 6102263 a composite number?
False
Is 2573117 composite?
True
Is 9030347 a composite number?
False
Is 438681314 composite?
True
Is 2285039 prime?
True
Is 10607431 prime?
True
Is 20022407 prime?
True
Is 6249119 prime?
False
Is 2406721 composite?
False
Is 38352449 composite?
False
Is 52633501 composite?
False
Is 61761671 composite?
False
Is 1583478497 a composite number?
False
Is 3453391 a composite number?
True
Is 4449313 a composite number?
True
Is 1048937129 composite?
False
Is 5452451 prime?
False
Is 836951 prime?
True
Is 11602511 a composite number?
True
Is 151055 prime?
False
Is 6966881 composite?
False
Is 42845027 a composite number?
True
Is 16396243 prime?
False
Is 78111931 a prime number?
True
Is 1054409 a composite number?
True
Is 40349989 prime?
True
Is 111723347 a composite number?
False
Is 8232041 a composite number?
False
Is 166754435 composite?
True
Is 282156287 composite?
True
Is 379137749 composite?
False
Is 678719 a prime number?
True
Is 3621287 composite?
False
Is 11885021 a composite number?
True
Is 1560479 a composite number?
True
Is 184747 composite?
True
Is 10666861 prime?
False
Is 7940963 composite?
False
Is 47713361 composite?
False
Is 8269247 composite?
True
Is 3031619 a prime number?
True
Is 671011 a composite number?
True
Is 840104081 composite?
True
Is 1298467 prime?
True
Is 20986151 a composite number?
False
Is 12286123 a composite number?
False
Is 1032047 a prime number?
True
Is 5421391 composite?
True
Is 14151637 prime?
False
Is 139766633 a composite number?
False
Is 267476459 a composite number?
False
Is 78112823 composite?
True
Is 166602257 composite?
False
Is 3069493 a prime number?
False
Is 1639241 prime?
True
Is 1865671 a prime number?
True
Is 2713019 prime?
True
Is 5115377 composite?
True
Is 40429183 a composite number?
True
Is 21235537 prime?
True
Is 9604189 composite?
True
Is 564569 composite?
True
Is 279947 a prime number?
False
Is 106872947 a composite number?
True
Is 14281941 a composite number?
True
Is 7885771 a composite number?
True
Is 141666377 prime?
False
Is 669589 composite?
True
Is 21807001 a prime number?
False
Is 57058537 a prime number?
True
Is 6235427 a composite number?
True
Is 1574057 a prime number?
True
Is 38186153 a prime number?
True
Is 19837353 composite?
True
Is 115730269 prime?
True
Is 3091843 a prime number?
False
Is 80232335 a prime number?
False
Is 12721573 a composite number?
True
Is 208520629 composite?
True
Is 157155197 a composite number?
False
Is 138644153 a composite number?
False
Is 66110921 a composite number?
True
Is 63565861 composite?
False
Is 1513611107 a composite number?
False
Is 15128121 prime?
False
Is 193852721 a prime number?
True
Is 776783 a prime number?
False
Is 183472187 a prime number?
True
Is 3830689 prime?
True
Is 185435 a composite number?
True
Is 251633363 a prime number?
False
Is 16666357 a prime number?
True
Is 26337901 prime?
False
Is 337781321 prime?
True
Is 52938087 composite?
True
Is 14175583 a prime number?
False
Is 39675893 a composite number?
False
Is 50984099 a prime number?
True
Is 22387361 prime?
False
Is 2394259 a prime number?
False
Is 10744493 a prime number?
False
Is 2226767 prime?
True
Is 14321059 a composite number?
False
Is 6919243 a composite number?
True
Is 7267001 prime?
False
Is 1364698549 a prime number?
True
Is 19489133 a prime number?
True
Is 58358717 a prime number?
True
Is 10403323 a composite number?
True
Is 23849929 prime?
False
Is 8549329 composite?
False
Is 641572483 a composite number?
False
Is 9545849 a composite number?
False
Is 12715891 a prime number?
False
Is 13790797 a prime number?
True
Is 72440283 prime?
False
Is 461543711 composite?
False
Is 55298647 prime?
False
Is 83101787 a composite number?
False
Is 3999239 composite?
False
Is 148385551 composite?
False
Is 2907481 a prime number?
True
Is 760799551 prime?
False
Is 599227 prime?
False
Is 729977 a composite number?
False
Is 12910199 prime?
False
Is 78815977 a composite number?
False
Is 17063059 prime?
False
Is 20076523 a prime number?
True
Is 86039923 a composite number?
True
Is 12804719 composite?
False
Is 12078773 prime?
False
Is 3370711 composite?
False
Is 546787 composite?
True
Is 12953219 a prime number?
False
Is 318676957 composite?
False
Is 2761799 composite?
True
Is 21644119 a composite number?
True
Is 6163687 a composite number?
True
Is 101992439 prime?
True
Is 501950903 prime?
True
Is 786273737 composite?
False
Is 167926999 a composite number?
True
Is 8979989 a composite number?
True
Is 148968023 prime?
True
Is 17233391 a composite number?
True
Is 3171913 prime?
True
Is 7943717 composite?
True
Is 12489857 composite?
False
Is 30410819 a prime number?
False
Is 15008471 composite?
False
Is 781559 composite?
False
Is 11668387 prime?
True
Is 443659 prime?
True
Is 96921857 a composite number?
True
Is 73547 prime?
True
Is 50165749 a prime number?
True
Is 653489223 prime?
False
Is 36373573 a composite number?
False
Is 8601973 composite?
True
Is 474667 a composite number?
False
Is 388302697 composite?
True
Is 49896571 prime?
True
Is 7212313 a prime number?
False
Is 12659077 composite?
True
Is 10184297 prime?
True
Is 218270245 prime?
False
Is 45155209 a prime number?
False
Is 2130637 a composite number?
True
Is 7008601 prime?
True
Is 14243223 a composite number?
True
Is 39951941 composite?
True
Is 11678573 a composite number?
True
Is 37489427 a composite number?
True
Is 28525513 a prime number?
True
Is 48860335 a prime number?
False
Is 8979611 composite?
False
Is 57018119 a prime number?
False
Is 46322321 composite?
False
Is 145573 composite?
True
Is 36516547 prime?
True
Is 8854477 prime?
False
Is 8226217 prime?
False
Is 89512271 prime?
True
Is 14717669 prime?
False
Is 13420337 prime?
False
Is 295799 a prime number?
False
Is 33911959 composite?
True
Is 342919 a composite number?
True
Is 2341127 prime?
True
Is 7659647 prime?
True
Is 2285447 a prime number?
True
Is 100165231 a composite number?
True
Is 162311603 a prime number?
True
Is 1723523 composite?
False
Is 729133 a composite number?
True
Is 6112039 composite?
False
Is 9884197 a prime number?
False
Is 8747047 prime?
False
Is 77222759 composite?
True
Is 99748321 composite?
True
Is 140550673 prime?
False
Is 29983337 a composite number?
False
Is 4619807 composite?
False
Is 1818889 a prime number?
False
Is 31554349 a composite number?
True
Is 577559 a composite number?
False
Is 54444631 a composite number?
True
Is 660755539 composite?
False
Is 127167605 composite?
True
Is 6570429 a composite number?
True
Is 7082755 prime?
False
Is 655807 prime?
True
Is 14783 prime?
True
Is 1003711 composite?
False
Is 11792257 composite?
False
Is 606059 composite?
False
Is 33697033 a composite number?
False
Is 3522971 a prime number?
True
Is 57948251 composite?
False
Is 246840101 a prime number?
True
Is 1034549 prime?
True
Is 6087053 prime?
False
Is 8493671 a composite number?
False
Is 225370841 composite?
False
Is 30247127 prime?
True
Is 24546407 composite?
False
Is 138855881 a composite number?
True
Is 1109663 composite?
False
Is 213389993 a prime number?
False
Is 146141727 composite?
True
Is 3270853 prime?
False
Is 118598537 composite?
False
Is 242467 a composite number?
False
Is 2400311 a prime number?
True
Is 1659587 a composite number?
False
Is 3368633 prime?
True
Is 1243043 prime?
False
Is 1586467 prime?
True
Is 777029 composite?
True
Is 80448551 composite?
False
Is 53135509 prime?
False
Is 840198143 a prime number?
True
Is 116210197 composite?
False
Is 1326587 prime?
True
Is 17960003 composite?
True
Is 4654723 composite?
True
Is 236362913 composite?
False
Is 1125239 composite?
True
Is 4289959 a prime number?
True
Is 20368851 prime?
False
Is 88113559 composite?
False
Is 296760067 a prime number?
True
Is 24446819 composite?
False
Is 12999559 a prime number?
True
Is 139725667 composite?
True
Is 3689327 a prime number?
True
Is 4428101 a composite number?
True
Is 283464745 a composite number?
True
Is 6241097 a composite number?
False
Is 81329 a composite number?
True
Is 63395641 a prime number?
False
Is 21277859 a composite number?
True
Is 17708947 prime?
False
Is 23402563 a composite number?
False
Is 8074097 a prime number?
True
Is 8849287 a prime number?
True
Is 63197 a composite numb